{"id":2963,"date":"2021-12-06T15:18:54","date_gmt":"2021-12-06T15:18:54","guid":{"rendered":"https:\/\/shop.dacianodacosta.pt\/?post_type=product&#038;p=2963"},"modified":"2024-12-09T12:37:35","modified_gmt":"2024-12-09T12:37:35","slug":"reitoria-chair","status":"publish","type":"product","link":"https:\/\/shop.dacianodacosta.pt\/pt\/produto\/reitoria-chair\/","title":{"rendered":"Cadeira Reitoria"},"content":{"rendered":"<p>Daciano da Costa projetou a arquitetura interior e o mobili\u00e1rio do Reitoria da Universidade de Lisboa (1960). Foi a sua primeira grande encomenda ap\u00f3s a abertura do seu est\u00fadio.<\/p>\n<p><span lang=\"en\">O Atelier iniciou um trabalho pioneiro de reedi\u00e7\u00f5es pelo designer Daciano da Costa com o objetivo de reintroduzir as pe\u00e7as e objetos em novos ambientes, reescrevendo a hist\u00f3ria do design portugu\u00eas.\u00a0<\/span><\/p>\n<p>Os m\u00faltiplos modelos de assentos denunciam os reflexos da produ\u00e7\u00e3o escandinava da \u00e9poca, a eleg\u00e2ncia das propor\u00e7\u00f5es o afilamento das extremidades, a combina\u00e7\u00e3o de pele e veludo numa mesma pe\u00e7a.<\/p>\n<p>Fabricado em Portugal.<\/p>","protected":false},"excerpt":{"rendered":"<div class=\"page\" title=\"Page 1\">\n<div class=\"section\">\n<div class=\"layoutArea\">\n<div class=\"column\">\n<p>Autor | Daciano da Costa<\/p>\n<p>Obra |Reitoria da Universidade de Lisboa<\/p>\n<p>Ano | 1960<\/p>\n<\/div>\n<\/div>\n<\/div>\n<\/div>\n<p>Materiais | Estrutura em madeira e estofo a veludo mohair.<\/p>\n<p>Dimens\u00f5es | L.520 x A.890 x P.450 mm<\/p>","protected":false},"featured_media":2866,"template":"","meta":[],"product_cat":[118],"product_tag":[179],"class_list":{"0":"post-2963","1":"product","2":"type-product","3":"status-publish","4":"has-post-thumbnail","6":"product_cat-furniture","7":"product_tag-reitoria","8":"product_shipping_class-furniture","9":"pa_color-amarelo-curry-mohair","10":"pa_color-azul-escuro-mohair","11":"pa_color-azul-marinho","12":"pa_color-black-forest-siege","13":"pa_color-bordeaux-mohair","14":"pa_color-cinzento-mohair","15":"pa_color-cinzento-claro","16":"pa_color-cinzento-escuro","17":"pa_color-cobalt-blue-siege","18":"pa_color-cor-de-laranja-mohair","19":"pa_color-curry-siege","20":"pa_color-deep-grey-siege","21":"pa_color-encarnado","22":"pa_color-forest-green","23":"pa_color-marsala-mohair","24":"pa_color-marsala-siege","25":"pa_color-marsala-escuro-mohair","26":"pa_color-rosa-claro-mohair","27":"pa_color-safari-green-siege","28":"pa_color-steal-siege","29":"pa_color-stone-siege","30":"pa_color-syrah-siege","31":"pa_color-turquesa","32":"pa_color-verde-escuro-mohair","33":"pa_color-verde-taupe-mohair","35":"first","36":"onbackorder","37":"shipping-taxable","38":"product-type-variable"},"yoast_head":"<!-- This site is optimized with the Yoast SEO plugin v24.0 - https:\/\/yoast.com\/wordpress\/plugins\/seo\/ -->\n<title>Reitoria Chair | Daciano da Costa<\/title>\n<meta name=\"robots\" content=\"index, follow, max-snippet:-1, max-image-preview:large, max-video-preview:-1\" \/>\n<link rel=\"canonical\" href=\"https:\/\/shop.dacianodacosta.pt\/pt\/produto\/reitoria-chair\/\" \/>\n<meta property=\"og:locale\" content=\"pt_PT\" \/>\n<meta property=\"og:type\" content=\"article\" \/>\n<meta property=\"og:title\" content=\"Reitoria Chair | Daciano da Costa\" \/>\n<meta property=\"og:description\" content=\"Author | Daciano da Costa  Work |Reitoria da Universidade de Lisboa  Year | 1960      Materials | Wooden structure and upholstered in mohair velvet.  Dimensions | W.520 x H.890 x D.450 mm\" \/>\n<meta property=\"og:url\" content=\"https:\/\/shop.dacianodacosta.pt\/pt\/produto\/reitoria-chair\/\" \/>\n<meta property=\"og:site_name\" content=\"Daciano da Costa\" \/>\n<meta property=\"article:publisher\" content=\"https:\/\/www.facebook.com\/atelierdacianodacosta\/\" \/>\n<meta property=\"article:modified_time\" content=\"2024-12-09T12:37:35+00:00\" \/>\n<meta property=\"og:image\" content=\"https:\/\/shop.dacianodacosta.pt\/wp-content\/uploads\/2021\/03\/Reitoria.png\" \/>\n\t<meta property=\"og:image:width\" content=\"627\" \/>\n\t<meta property=\"og:image:height\" content=\"590\" \/>\n\t<meta property=\"og:image:type\" content=\"image\/png\" \/>\n<meta name=\"twitter:card\" content=\"summary_large_image\" \/>\n<meta name=\"twitter:label1\" content=\"Tempo estimado de leitura\" \/>\n\t<meta name=\"twitter:data1\" content=\"1 minuto\" \/>\n<script type=\"application\/ld+json\" class=\"yoast-schema-graph\">{\"@context\":\"https:\/\/schema.org\",\"@graph\":[{\"@type\":\"WebPage\",\"@id\":\"https:\/\/shop.dacianodacosta.pt\/product\/reitoria-chair\/\",\"url\":\"https:\/\/shop.dacianodacosta.pt\/product\/reitoria-chair\/\",\"name\":\"Reitoria Chair | Daciano da Costa\",\"isPartOf\":{\"@id\":\"https:\/\/shop.dacianodacosta.pt\/#website\"},\"primaryImageOfPage\":{\"@id\":\"https:\/\/shop.dacianodacosta.pt\/product\/reitoria-chair\/#primaryimage\"},\"image\":{\"@id\":\"https:\/\/shop.dacianodacosta.pt\/product\/reitoria-chair\/#primaryimage\"},\"thumbnailUrl\":\"https:\/\/shop.dacianodacosta.pt\/wp-content\/uploads\/2021\/03\/Reitoria.png\",\"datePublished\":\"2021-12-06T15:18:54+00:00\",\"dateModified\":\"2024-12-09T12:37:35+00:00\",\"breadcrumb\":{\"@id\":\"https:\/\/shop.dacianodacosta.pt\/product\/reitoria-chair\/#breadcrumb\"},\"inLanguage\":\"pt-PT\",\"potentialAction\":[{\"@type\":\"ReadAction\",\"target\":[\"https:\/\/shop.dacianodacosta.pt\/product\/reitoria-chair\/\"]}]},{\"@type\":\"ImageObject\",\"inLanguage\":\"pt-PT\",\"@id\":\"https:\/\/shop.dacianodacosta.pt\/product\/reitoria-chair\/#primaryimage\",\"url\":\"https:\/\/shop.dacianodacosta.pt\/wp-content\/uploads\/2021\/03\/Reitoria.png\",\"contentUrl\":\"https:\/\/shop.dacianodacosta.pt\/wp-content\/uploads\/2021\/03\/Reitoria.png\",\"width\":627,\"height\":590},{\"@type\":\"BreadcrumbList\",\"@id\":\"https:\/\/shop.dacianodacosta.pt\/product\/reitoria-chair\/#breadcrumb\",\"itemListElement\":[{\"@type\":\"ListItem\",\"position\":1,\"name\":\"Home\",\"item\":\"https:\/\/shop.dacianodacosta.pt\/\"},{\"@type\":\"ListItem\",\"position\":2,\"name\":\"Shop\",\"item\":\"https:\/\/shop.dacianodacosta.pt\/pt\/shop\/\"},{\"@type\":\"ListItem\",\"position\":3,\"name\":\"Reitoria Chair\"}]},{\"@type\":\"WebSite\",\"@id\":\"https:\/\/shop.dacianodacosta.pt\/#website\",\"url\":\"https:\/\/shop.dacianodacosta.pt\/\",\"name\":\"Daciano da Costa\",\"description\":\"Official Site\",\"publisher\":{\"@id\":\"https:\/\/shop.dacianodacosta.pt\/#organization\"},\"potentialAction\":[{\"@type\":\"SearchAction\",\"target\":{\"@type\":\"EntryPoint\",\"urlTemplate\":\"https:\/\/shop.dacianodacosta.pt\/?s={search_term_string}\"},\"query-input\":{\"@type\":\"PropertyValueSpecification\",\"valueRequired\":true,\"valueName\":\"search_term_string\"}}],\"inLanguage\":\"pt-PT\"},{\"@type\":\"Organization\",\"@id\":\"https:\/\/shop.dacianodacosta.pt\/#organization\",\"name\":\"Atelier Daciano Da Costa\",\"url\":\"https:\/\/shop.dacianodacosta.pt\/\",\"logo\":{\"@type\":\"ImageObject\",\"inLanguage\":\"pt-PT\",\"@id\":\"https:\/\/shop.dacianodacosta.pt\/#\/schema\/logo\/image\/\",\"url\":\"https:\/\/shop.dacianodacosta.pt\/wp-content\/uploads\/2021\/01\/Logo-1.png\",\"contentUrl\":\"https:\/\/shop.dacianodacosta.pt\/wp-content\/uploads\/2021\/01\/Logo-1.png\",\"width\":513,\"height\":513,\"caption\":\"Atelier Daciano Da Costa\"},\"image\":{\"@id\":\"https:\/\/shop.dacianodacosta.pt\/#\/schema\/logo\/image\/\"},\"sameAs\":[\"https:\/\/www.facebook.com\/atelierdacianodacosta\/\",\"https:\/\/www.instagram.com\/atelierdacianodacosta\/\"]}]}<\/script>\n<!-- \/ Yoast SEO plugin. -->","yoast_head_json":{"title":"Reitoria Chair | Daciano da Costa","robots":{"index":"index","follow":"follow","max-snippet":"max-snippet:-1","max-image-preview":"max-image-preview:large","max-video-preview":"max-video-preview:-1"},"canonical":"https:\/\/shop.dacianodacosta.pt\/pt\/produto\/reitoria-chair\/","og_locale":"pt_PT","og_type":"article","og_title":"Reitoria Chair | Daciano da Costa","og_description":"Author | Daciano da Costa  Work |Reitoria da Universidade de Lisboa  Year | 1960      Materials | Wooden structure and upholstered in mohair velvet.  Dimensions | W.520 x H.890 x D.450 mm","og_url":"https:\/\/shop.dacianodacosta.pt\/pt\/produto\/reitoria-chair\/","og_site_name":"Daciano da Costa","article_publisher":"https:\/\/www.facebook.com\/atelierdacianodacosta\/","article_modified_time":"2024-12-09T12:37:35+00:00","og_image":[{"width":627,"height":590,"url":"https:\/\/shop.dacianodacosta.pt\/wp-content\/uploads\/2021\/03\/Reitoria.png","type":"image\/png"}],"twitter_card":"summary_large_image","twitter_misc":{"Tempo estimado de leitura":"1 minuto"},"schema":{"@context":"https:\/\/schema.org","@graph":[{"@type":"WebPage","@id":"https:\/\/shop.dacianodacosta.pt\/product\/reitoria-chair\/","url":"https:\/\/shop.dacianodacosta.pt\/product\/reitoria-chair\/","name":"Reitoria Chair | Daciano da Costa","isPartOf":{"@id":"https:\/\/shop.dacianodacosta.pt\/#website"},"primaryImageOfPage":{"@id":"https:\/\/shop.dacianodacosta.pt\/product\/reitoria-chair\/#primaryimage"},"image":{"@id":"https:\/\/shop.dacianodacosta.pt\/product\/reitoria-chair\/#primaryimage"},"thumbnailUrl":"https:\/\/shop.dacianodacosta.pt\/wp-content\/uploads\/2021\/03\/Reitoria.png","datePublished":"2021-12-06T15:18:54+00:00","dateModified":"2024-12-09T12:37:35+00:00","breadcrumb":{"@id":"https:\/\/shop.dacianodacosta.pt\/product\/reitoria-chair\/#breadcrumb"},"inLanguage":"pt-PT","potentialAction":[{"@type":"ReadAction","target":["https:\/\/shop.dacianodacosta.pt\/product\/reitoria-chair\/"]}]},{"@type":"ImageObject","inLanguage":"pt-PT","@id":"https:\/\/shop.dacianodacosta.pt\/product\/reitoria-chair\/#primaryimage","url":"https:\/\/shop.dacianodacosta.pt\/wp-content\/uploads\/2021\/03\/Reitoria.png","contentUrl":"https:\/\/shop.dacianodacosta.pt\/wp-content\/uploads\/2021\/03\/Reitoria.png","width":627,"height":590},{"@type":"BreadcrumbList","@id":"https:\/\/shop.dacianodacosta.pt\/product\/reitoria-chair\/#breadcrumb","itemListElement":[{"@type":"ListItem","position":1,"name":"Home","item":"https:\/\/shop.dacianodacosta.pt\/"},{"@type":"ListItem","position":2,"name":"Shop","item":"https:\/\/shop.dacianodacosta.pt\/pt\/shop\/"},{"@type":"ListItem","position":3,"name":"Reitoria Chair"}]},{"@type":"WebSite","@id":"https:\/\/shop.dacianodacosta.pt\/#website","url":"https:\/\/shop.dacianodacosta.pt\/","name":"Daciano da Costa","description":"Official Site","publisher":{"@id":"https:\/\/shop.dacianodacosta.pt\/#organization"},"potentialAction":[{"@type":"SearchAction","target":{"@type":"EntryPoint","urlTemplate":"https:\/\/shop.dacianodacosta.pt\/?s={search_term_string}"},"query-input":{"@type":"PropertyValueSpecification","valueRequired":true,"valueName":"search_term_string"}}],"inLanguage":"pt-PT"},{"@type":"Organization","@id":"https:\/\/shop.dacianodacosta.pt\/#organization","name":"Atelier Daciano Da Costa","url":"https:\/\/shop.dacianodacosta.pt\/","logo":{"@type":"ImageObject","inLanguage":"pt-PT","@id":"https:\/\/shop.dacianodacosta.pt\/#\/schema\/logo\/image\/","url":"https:\/\/shop.dacianodacosta.pt\/wp-content\/uploads\/2021\/01\/Logo-1.png","contentUrl":"https:\/\/shop.dacianodacosta.pt\/wp-content\/uploads\/2021\/01\/Logo-1.png","width":513,"height":513,"caption":"Atelier Daciano Da Costa"},"image":{"@id":"https:\/\/shop.dacianodacosta.pt\/#\/schema\/logo\/image\/"},"sameAs":["https:\/\/www.facebook.com\/atelierdacianodacosta\/","https:\/\/www.instagram.com\/atelierdacianodacosta\/"]}]}},"_links":{"self":[{"href":"https:\/\/shop.dacianodacosta.pt\/pt\/wp-json\/wp\/v2\/product\/2963","targetHints":{"allow":["GET"]}}],"collection":[{"href":"https:\/\/shop.dacianodacosta.pt\/pt\/wp-json\/wp\/v2\/product"}],"about":[{"href":"https:\/\/shop.dacianodacosta.pt\/pt\/wp-json\/wp\/v2\/types\/product"}],"wp:featuredmedia":[{"embeddable":true,"href":"https:\/\/shop.dacianodacosta.pt\/pt\/wp-json\/wp\/v2\/media\/2866"}],"wp:attachment":[{"href":"https:\/\/shop.dacianodacosta.pt\/pt\/wp-json\/wp\/v2\/media?parent=2963"}],"wp:term":[{"taxonomy":"product_cat","embeddable":true,"href":"https:\/\/shop.dacianodacosta.pt\/pt\/wp-json\/wp\/v2\/product_cat?post=2963"},{"taxonomy":"product_tag","embeddable":true,"href":"https:\/\/shop.dacianodacosta.pt\/pt\/wp-json\/wp\/v2\/product_tag?post=2963"}],"curies":[{"name":"wp","href":"https:\/\/api.w.org\/{rel}","templated":true}]}}

<p>Daciano da Costa projetou a arquitetura interior e o mobiliário do Reitoria da Universidade de Lisboa (1960). Foi a sua primeira grande encomenda após a abertura do seu estúdio.</p>
<p><span lang="en">O Atelier iniciou um trabalho pioneiro de reedições pelo designer Daciano da Costa com o objetivo de reintroduzir as peças e objetos em novos ambientes, reescrevendo a história do design português. </span></p>
<p>Os múltiplos modelos de assentos denunciam os reflexos da produção escandinava da época, a elegância das proporções o afilamento das extremidades, a combinação de pele e veludo numa mesma peça.</p>
<p>Fabricado em Portugal.</p>

<div class="page" title="Page 1">
<div class="section">
<div class="layoutArea">
<div class="column">
<p>Autor | Daciano da Costa</p>
<p>Obra |Reitoria da Universidade de Lisboa</p>
<p>Ano | 1960</p>
</div>
</div>
</div>
</div>
<p>Materiais | Estrutura em madeira e estofo a veludo mohair.</p>
<p>Dimensões | L.520 x A.890 x P.450 mm</p>
