{"id":4077,"date":"2022-10-26T10:13:26","date_gmt":"2022-10-26T10:13:26","guid":{"rendered":"https:\/\/shop.dacianodacosta.pt\/?post_type=product&#038;p=4077"},"modified":"2025-11-26T16:56:58","modified_gmt":"2025-11-26T16:56:58","slug":"design-e-mal-estar-daciano-da-costa","status":"publish","type":"product","link":"https:\/\/shop.dacianodacosta.pt\/pt\/produto\/design-e-mal-estar-daciano-da-costa\/","title":{"rendered":"Design e Mal-estar | Daciano da Costa"},"content":{"rendered":"<p>DESIGN E MAL-ESTAR, lan\u00e7ado em 1998 pelo Centro Portugu\u00eas de Design e agora em edi\u00e7\u00e3o revista e aumentada, re\u00fane textos de imprensa, entrevistas, ensaios e discursos de Daciano da Costa entre 1970 e 2004. Transparece nesta colect\u00e2nea o pensamento cr\u00edtico e rigoroso do desenhador de objectos que soube diagnosticar o \u00abmal\u2011estar\u00bb de cada \u00e9poca, na sua lenta ou precipitada evolu\u00e7\u00e3o social e cultural. Perscrutador de uma certa cultura silenciosa, fora dos circuitos oficiais, Daciano da Costa fez do desenho o seu modo de interven\u00e7\u00e3o, sempre com um apurado sentido de servi\u00e7o e milit\u00e2ncia, e reflecte nestas p\u00e1ginas, de maneira desassombrada, sobre o que viu no mundo e \u00abque decidiu considerar problemas de design\u00bb.<\/p>\n<p>Dispon\u00edvel em: <a href=\"https:\/\/www.orfeunegro.org\/collections\/orfeu-negro\/products\/design-e-mal-estar\">https:\/\/www.orfeunegro.org\/collections\/orfeu-negro\/products\/design-e-mal-estar<\/a><\/p>","protected":false},"excerpt":{"rendered":"<p><strong>Concep\u00e7\u00e3o Gr\u00e1fica \u00a0<\/strong>Rui Silva<\/p>\n<p><strong>1\u00aa Edi\u00e7\u00e3o<\/strong>\u00a02022<\/p>\n<p><strong>N.\u00ba PP.<\/strong>\u00a0208<\/p>\n<p><b>Formato\u00a0<\/b>12,8 x 18 cm<\/p>\n<p><strong>EAN\u00a0<\/strong>9789899071513<\/p>\n<p>Dispon\u00edvel em:\u00a0<a href=\"https:\/\/www.orfeunegro.org\/collections\/orfeu-negro\/products\/design-e-mal-estar\">Design e mal-estar | Orfeu Negro <\/a><\/p>\n<p>&nbsp;<\/p>","protected":false},"featured_media":4082,"template":"","meta":[],"product_cat":[157],"product_tag":[315],"class_list":{"0":"post-4077","1":"product","2":"type-product","3":"status-publish","4":"has-post-thumbnail","6":"product_cat-publications","7":"product_tag-presente","9":"first","10":"instock","11":"shipping-taxable","12":"product-type-external"},"yoast_head":"<!-- This site is optimized with the Yoast SEO plugin v24.0 - https:\/\/yoast.com\/wordpress\/plugins\/seo\/ -->\n<title>Design e Mal-estar | Daciano da Costa | Daciano da Costa<\/title>\n<meta name=\"robots\" content=\"index, follow, max-snippet:-1, max-image-preview:large, max-video-preview:-1\" \/>\n<link rel=\"canonical\" href=\"https:\/\/shop.dacianodacosta.pt\/pt\/produto\/design-e-mal-estar-daciano-da-costa\/\" \/>\n<meta property=\"og:locale\" content=\"pt_PT\" \/>\n<meta property=\"og:type\" content=\"article\" \/>\n<meta property=\"og:title\" content=\"Design e Mal-estar | Daciano da Costa | Daciano da Costa\" \/>\n<meta property=\"og:description\" content=\"Graphic Design - \u00a0Rui Silva  1.st Edition\u00a02022  N.\u00ba PP.\u00a0208  Format\u00a012,8 x 18 cm  EAN\u00a09789899071513  Available at:\u00a0Design e mal-estar | Orfeu Negro   &nbsp;\" \/>\n<meta property=\"og:url\" content=\"https:\/\/shop.dacianodacosta.pt\/pt\/produto\/design-e-mal-estar-daciano-da-costa\/\" \/>\n<meta property=\"og:site_name\" content=\"Daciano da Costa\" \/>\n<meta property=\"article:publisher\" content=\"https:\/\/www.facebook.com\/atelierdacianodacosta\/\" \/>\n<meta property=\"article:modified_time\" content=\"2025-11-26T16:56:58+00:00\" \/>\n<meta property=\"og:image\" content=\"https:\/\/shop.dacianodacosta.pt\/wp-content\/uploads\/2022\/10\/Design-e-mal-estar-capa_shop-1024x964.png\" \/>\n\t<meta property=\"og:image:width\" content=\"1024\" \/>\n\t<meta property=\"og:image:height\" content=\"964\" \/>\n\t<meta property=\"og:image:type\" content=\"image\/png\" \/>\n<meta name=\"twitter:card\" content=\"summary_large_image\" \/>\n<meta name=\"twitter:label1\" content=\"Tempo estimado de leitura\" \/>\n\t<meta name=\"twitter:data1\" content=\"1 minuto\" \/>\n<script type=\"application\/ld+json\" class=\"yoast-schema-graph\">{\"@context\":\"https:\/\/schema.org\",\"@graph\":[{\"@type\":\"WebPage\",\"@id\":\"https:\/\/shop.dacianodacosta.pt\/product\/design-e-mal-estar-daciano-da-costa\/\",\"url\":\"https:\/\/shop.dacianodacosta.pt\/product\/design-e-mal-estar-daciano-da-costa\/\",\"name\":\"Design e Mal-estar | Daciano da Costa | Daciano da Costa\",\"isPartOf\":{\"@id\":\"https:\/\/shop.dacianodacosta.pt\/#website\"},\"primaryImageOfPage\":{\"@id\":\"https:\/\/shop.dacianodacosta.pt\/product\/design-e-mal-estar-daciano-da-costa\/#primaryimage\"},\"image\":{\"@id\":\"https:\/\/shop.dacianodacosta.pt\/product\/design-e-mal-estar-daciano-da-costa\/#primaryimage\"},\"thumbnailUrl\":\"https:\/\/shop.dacianodacosta.pt\/wp-content\/uploads\/2022\/10\/Design-e-mal-estar-capa_shop.png\",\"datePublished\":\"2022-10-26T10:13:26+00:00\",\"dateModified\":\"2025-11-26T16:56:58+00:00\",\"breadcrumb\":{\"@id\":\"https:\/\/shop.dacianodacosta.pt\/product\/design-e-mal-estar-daciano-da-costa\/#breadcrumb\"},\"inLanguage\":\"pt-PT\",\"potentialAction\":[{\"@type\":\"ReadAction\",\"target\":[\"https:\/\/shop.dacianodacosta.pt\/product\/design-e-mal-estar-daciano-da-costa\/\"]}]},{\"@type\":\"ImageObject\",\"inLanguage\":\"pt-PT\",\"@id\":\"https:\/\/shop.dacianodacosta.pt\/product\/design-e-mal-estar-daciano-da-costa\/#primaryimage\",\"url\":\"https:\/\/shop.dacianodacosta.pt\/wp-content\/uploads\/2022\/10\/Design-e-mal-estar-capa_shop.png\",\"contentUrl\":\"https:\/\/shop.dacianodacosta.pt\/wp-content\/uploads\/2022\/10\/Design-e-mal-estar-capa_shop.png\",\"width\":2667,\"height\":2511},{\"@type\":\"BreadcrumbList\",\"@id\":\"https:\/\/shop.dacianodacosta.pt\/product\/design-e-mal-estar-daciano-da-costa\/#breadcrumb\",\"itemListElement\":[{\"@type\":\"ListItem\",\"position\":1,\"name\":\"Home\",\"item\":\"https:\/\/shop.dacianodacosta.pt\/\"},{\"@type\":\"ListItem\",\"position\":2,\"name\":\"Shop\",\"item\":\"https:\/\/shop.dacianodacosta.pt\/pt\/shop\/\"},{\"@type\":\"ListItem\",\"position\":3,\"name\":\"Design e Mal-estar | Daciano da Costa\"}]},{\"@type\":\"WebSite\",\"@id\":\"https:\/\/shop.dacianodacosta.pt\/#website\",\"url\":\"https:\/\/shop.dacianodacosta.pt\/\",\"name\":\"Daciano da Costa\",\"description\":\"Official Site\",\"publisher\":{\"@id\":\"https:\/\/shop.dacianodacosta.pt\/#organization\"},\"potentialAction\":[{\"@type\":\"SearchAction\",\"target\":{\"@type\":\"EntryPoint\",\"urlTemplate\":\"https:\/\/shop.dacianodacosta.pt\/?s={search_term_string}\"},\"query-input\":{\"@type\":\"PropertyValueSpecification\",\"valueRequired\":true,\"valueName\":\"search_term_string\"}}],\"inLanguage\":\"pt-PT\"},{\"@type\":\"Organization\",\"@id\":\"https:\/\/shop.dacianodacosta.pt\/#organization\",\"name\":\"Atelier Daciano Da Costa\",\"url\":\"https:\/\/shop.dacianodacosta.pt\/\",\"logo\":{\"@type\":\"ImageObject\",\"inLanguage\":\"pt-PT\",\"@id\":\"https:\/\/shop.dacianodacosta.pt\/#\/schema\/logo\/image\/\",\"url\":\"https:\/\/shop.dacianodacosta.pt\/wp-content\/uploads\/2021\/01\/Logo-1.png\",\"contentUrl\":\"https:\/\/shop.dacianodacosta.pt\/wp-content\/uploads\/2021\/01\/Logo-1.png\",\"width\":513,\"height\":513,\"caption\":\"Atelier Daciano Da Costa\"},\"image\":{\"@id\":\"https:\/\/shop.dacianodacosta.pt\/#\/schema\/logo\/image\/\"},\"sameAs\":[\"https:\/\/www.facebook.com\/atelierdacianodacosta\/\",\"https:\/\/www.instagram.com\/atelierdacianodacosta\/\"]}]}<\/script>\n<!-- \/ Yoast SEO plugin. -->","yoast_head_json":{"title":"Design e Mal-estar | Daciano da Costa | Daciano da Costa","robots":{"index":"index","follow":"follow","max-snippet":"max-snippet:-1","max-image-preview":"max-image-preview:large","max-video-preview":"max-video-preview:-1"},"canonical":"https:\/\/shop.dacianodacosta.pt\/pt\/produto\/design-e-mal-estar-daciano-da-costa\/","og_locale":"pt_PT","og_type":"article","og_title":"Design e Mal-estar | Daciano da Costa | Daciano da Costa","og_description":"Graphic Design - \u00a0Rui Silva  1.st Edition\u00a02022  N.\u00ba PP.\u00a0208  Format\u00a012,8 x 18 cm  EAN\u00a09789899071513  Available at:\u00a0Design e mal-estar | Orfeu Negro   &nbsp;","og_url":"https:\/\/shop.dacianodacosta.pt\/pt\/produto\/design-e-mal-estar-daciano-da-costa\/","og_site_name":"Daciano da Costa","article_publisher":"https:\/\/www.facebook.com\/atelierdacianodacosta\/","article_modified_time":"2025-11-26T16:56:58+00:00","og_image":[{"width":1024,"height":964,"url":"https:\/\/shop.dacianodacosta.pt\/wp-content\/uploads\/2022\/10\/Design-e-mal-estar-capa_shop-1024x964.png","type":"image\/png"}],"twitter_card":"summary_large_image","twitter_misc":{"Tempo estimado de leitura":"1 minuto"},"schema":{"@context":"https:\/\/schema.org","@graph":[{"@type":"WebPage","@id":"https:\/\/shop.dacianodacosta.pt\/product\/design-e-mal-estar-daciano-da-costa\/","url":"https:\/\/shop.dacianodacosta.pt\/product\/design-e-mal-estar-daciano-da-costa\/","name":"Design e Mal-estar | Daciano da Costa | Daciano da Costa","isPartOf":{"@id":"https:\/\/shop.dacianodacosta.pt\/#website"},"primaryImageOfPage":{"@id":"https:\/\/shop.dacianodacosta.pt\/product\/design-e-mal-estar-daciano-da-costa\/#primaryimage"},"image":{"@id":"https:\/\/shop.dacianodacosta.pt\/product\/design-e-mal-estar-daciano-da-costa\/#primaryimage"},"thumbnailUrl":"https:\/\/shop.dacianodacosta.pt\/wp-content\/uploads\/2022\/10\/Design-e-mal-estar-capa_shop.png","datePublished":"2022-10-26T10:13:26+00:00","dateModified":"2025-11-26T16:56:58+00:00","breadcrumb":{"@id":"https:\/\/shop.dacianodacosta.pt\/product\/design-e-mal-estar-daciano-da-costa\/#breadcrumb"},"inLanguage":"pt-PT","potentialAction":[{"@type":"ReadAction","target":["https:\/\/shop.dacianodacosta.pt\/product\/design-e-mal-estar-daciano-da-costa\/"]}]},{"@type":"ImageObject","inLanguage":"pt-PT","@id":"https:\/\/shop.dacianodacosta.pt\/product\/design-e-mal-estar-daciano-da-costa\/#primaryimage","url":"https:\/\/shop.dacianodacosta.pt\/wp-content\/uploads\/2022\/10\/Design-e-mal-estar-capa_shop.png","contentUrl":"https:\/\/shop.dacianodacosta.pt\/wp-content\/uploads\/2022\/10\/Design-e-mal-estar-capa_shop.png","width":2667,"height":2511},{"@type":"BreadcrumbList","@id":"https:\/\/shop.dacianodacosta.pt\/product\/design-e-mal-estar-daciano-da-costa\/#breadcrumb","itemListElement":[{"@type":"ListItem","position":1,"name":"Home","item":"https:\/\/shop.dacianodacosta.pt\/"},{"@type":"ListItem","position":2,"name":"Shop","item":"https:\/\/shop.dacianodacosta.pt\/pt\/shop\/"},{"@type":"ListItem","position":3,"name":"Design e Mal-estar | Daciano da Costa"}]},{"@type":"WebSite","@id":"https:\/\/shop.dacianodacosta.pt\/#website","url":"https:\/\/shop.dacianodacosta.pt\/","name":"Daciano da Costa","description":"Official Site","publisher":{"@id":"https:\/\/shop.dacianodacosta.pt\/#organization"},"potentialAction":[{"@type":"SearchAction","target":{"@type":"EntryPoint","urlTemplate":"https:\/\/shop.dacianodacosta.pt\/?s={search_term_string}"},"query-input":{"@type":"PropertyValueSpecification","valueRequired":true,"valueName":"search_term_string"}}],"inLanguage":"pt-PT"},{"@type":"Organization","@id":"https:\/\/shop.dacianodacosta.pt\/#organization","name":"Atelier Daciano Da Costa","url":"https:\/\/shop.dacianodacosta.pt\/","logo":{"@type":"ImageObject","inLanguage":"pt-PT","@id":"https:\/\/shop.dacianodacosta.pt\/#\/schema\/logo\/image\/","url":"https:\/\/shop.dacianodacosta.pt\/wp-content\/uploads\/2021\/01\/Logo-1.png","contentUrl":"https:\/\/shop.dacianodacosta.pt\/wp-content\/uploads\/2021\/01\/Logo-1.png","width":513,"height":513,"caption":"Atelier Daciano Da Costa"},"image":{"@id":"https:\/\/shop.dacianodacosta.pt\/#\/schema\/logo\/image\/"},"sameAs":["https:\/\/www.facebook.com\/atelierdacianodacosta\/","https:\/\/www.instagram.com\/atelierdacianodacosta\/"]}]}},"_links":{"self":[{"href":"https:\/\/shop.dacianodacosta.pt\/pt\/wp-json\/wp\/v2\/product\/4077","targetHints":{"allow":["GET"]}}],"collection":[{"href":"https:\/\/shop.dacianodacosta.pt\/pt\/wp-json\/wp\/v2\/product"}],"about":[{"href":"https:\/\/shop.dacianodacosta.pt\/pt\/wp-json\/wp\/v2\/types\/product"}],"wp:featuredmedia":[{"embeddable":true,"href":"https:\/\/shop.dacianodacosta.pt\/pt\/wp-json\/wp\/v2\/media\/4082"}],"wp:attachment":[{"href":"https:\/\/shop.dacianodacosta.pt\/pt\/wp-json\/wp\/v2\/media?parent=4077"}],"wp:term":[{"taxonomy":"product_cat","embeddable":true,"href":"https:\/\/shop.dacianodacosta.pt\/pt\/wp-json\/wp\/v2\/product_cat?post=4077"},{"taxonomy":"product_tag","embeddable":true,"href":"https:\/\/shop.dacianodacosta.pt\/pt\/wp-json\/wp\/v2\/product_tag?post=4077"}],"curies":[{"name":"wp","href":"https:\/\/api.w.org\/{rel}","templated":true}]}}

<p>DESIGN E MAL-ESTAR, lançado em 1998 pelo Centro Português de Design e agora em edição revista e aumentada, reúne textos de imprensa, entrevistas, ensaios e discursos de Daciano da Costa entre 1970 e 2004. Transparece nesta colectânea o pensamento crítico e rigoroso do desenhador de objectos que soube diagnosticar o «mal‑estar» de cada época, na sua lenta ou precipitada evolução social e cultural. Perscrutador de uma certa cultura silenciosa, fora dos circuitos oficiais, Daciano da Costa fez do desenho o seu modo de intervenção, sempre com um apurado sentido de serviço e militância, e reflecte nestas páginas, de maneira desassombrada, sobre o que viu no mundo e «que decidiu considerar problemas de design».</p>
<p>Disponível em: <a href="https://www.orfeunegro.org/collections/orfeu-negro/products/design-e-mal-estar">https://www.orfeunegro.org/collections/orfeu-negro/products/design-e-mal-estar</a></p>

<p><strong>Concepção Gráfica  </strong>Rui Silva</p>
<p><strong>1ª Edição</strong> 2022</p>
<p><strong>N.º PP.</strong> 208</p>
<p><b>Formato </b>12,8 x 18 cm</p>
<p><strong>EAN </strong>9789899071513</p>
<p>Disponível em: <a href="https://www.orfeunegro.org/collections/orfeu-negro/products/design-e-mal-estar">Design e mal-estar | Orfeu Negro </a></p>
<p>&nbsp;</p>

<!-- This site is optimized with the Yoast SEO plugin v24.0 - https://yoast.com/wordpress/plugins/seo/ -->
<title>Design e Mal-estar | Daciano da Costa | Daciano da Costa</title>
<meta name="robots" content="index, follow, max-snippet:-1, max-image-preview:large, max-video-preview:-1" />
<link rel="canonical" href="https://shop.dacianodacosta.pt/pt/produto/design-e-mal-estar-daciano-da-costa/" />
<meta property="og:locale" content="pt_PT" />
<meta property="og:type" content="article" />
<meta property="og:title" content="Design e Mal-estar | Daciano da Costa | Daciano da Costa" />
<meta property="og:description" content="Graphic Design -  Rui Silva  1.st Edition 2022  N.º PP. 208  Format 12,8 x 18 cm  EAN 9789899071513  Available at: Design e mal-estar | Orfeu Negro   &nbsp;" />
<meta property="og:url" content="https://shop.dacianodacosta.pt/pt/produto/design-e-mal-estar-daciano-da-costa/" />
<meta property="og:site_name" content="Daciano da Costa" />
<meta property="article:publisher" content="https://www.facebook.com/atelierdacianodacosta/" />
<meta property="article:modified_time" content="2025-11-26T16:56:58+00:00" />
<meta property="og:image" content="https://shop.dacianodacosta.pt/wp-content/uploads/2022/10/Design-e-mal-estar-capa_shop-1024x964.png" />
	<meta property="og:image:width" content="1024" />
	<meta property="og:image:height" content="964" />
	<meta property="og:image:type" content="image/png" />
<meta name="twitter:card" content="summary_large_image" />
<meta name="twitter:label1" content="Tempo estimado de leitura" />
	<meta name="twitter:data1" content="1 minuto" />
<script type="application/ld+json" class="yoast-schema-graph">{"@context":"https://schema.org","@graph":[{"@type":"WebPage","@id":"https://shop.dacianodacosta.pt/product/design-e-mal-estar-daciano-da-costa/","url":"https://shop.dacianodacosta.pt/product/design-e-mal-estar-daciano-da-costa/","name":"Design e Mal-estar | Daciano da Costa | Daciano da Costa","isPartOf":{"@id":"https://shop.dacianodacosta.pt/#website"},"primaryImageOfPage":{"@id":"https://shop.dacianodacosta.pt/product/design-e-mal-estar-daciano-da-costa/#primaryimage"},"image":{"@id":"https://shop.dacianodacosta.pt/product/design-e-mal-estar-daciano-da-costa/#primaryimage"},"thumbnailUrl":"https://shop.dacianodacosta.pt/wp-content/uploads/2022/10/Design-e-mal-estar-capa_shop.png","datePublished":"2022-10-26T10:13:26+00:00","dateModified":"2025-11-26T16:56:58+00:00","breadcrumb":{"@id":"https://shop.dacianodacosta.pt/product/design-e-mal-estar-daciano-da-costa/#breadcrumb"},"inLanguage":"pt-PT","potentialAction":[{"@type":"ReadAction","target":["https://shop.dacianodacosta.pt/product/design-e-mal-estar-daciano-da-costa/"]}]},{"@type":"ImageObject","inLanguage":"pt-PT","@id":"https://shop.dacianodacosta.pt/product/design-e-mal-estar-daciano-da-costa/#primaryimage","url":"https://shop.dacianodacosta.pt/wp-content/uploads/2022/10/Design-e-mal-estar-capa_shop.png","contentUrl":"https://shop.dacianodacosta.pt/wp-content/uploads/2022/10/Design-e-mal-estar-capa_shop.png","width":2667,"height":2511},{"@type":"BreadcrumbList","@id":"https://shop.dacianodacosta.pt/product/design-e-mal-estar-daciano-da-costa/#breadcrumb","itemListElement":[{"@type":"ListItem","position":1,"name":"Home","item":"https://shop.dacianodacosta.pt/"},{"@type":"ListItem","position":2,"name":"Shop","item":"https://shop.dacianodacosta.pt/pt/shop/"},{"@type":"ListItem","position":3,"name":"Design e Mal-estar | Daciano da Costa"}]},{"@type":"WebSite","@id":"https://shop.dacianodacosta.pt/#website","url":"https://shop.dacianodacosta.pt/","name":"Daciano da Costa","description":"Official Site","publisher":{"@id":"https://shop.dacianodacosta.pt/#organization"},"potentialAction":[{"@type":"SearchAction","target":{"@type":"EntryPoint","urlTemplate":"https://shop.dacianodacosta.pt/?s={search_term_string}"},"query-input":{"@type":"PropertyValueSpecification","valueRequired":true,"valueName":"search_term_string"}}],"inLanguage":"pt-PT"},{"@type":"Organization","@id":"https://shop.dacianodacosta.pt/#organization","name":"Atelier Daciano Da Costa","url":"https://shop.dacianodacosta.pt/","logo":{"@type":"ImageObject","inLanguage":"pt-PT","@id":"https://shop.dacianodacosta.pt/#/schema/logo/image/","url":"https://shop.dacianodacosta.pt/wp-content/uploads/2021/01/Logo-1.png","contentUrl":"https://shop.dacianodacosta.pt/wp-content/uploads/2021/01/Logo-1.png","width":513,"height":513,"caption":"Atelier Daciano Da Costa"},"image":{"@id":"https://shop.dacianodacosta.pt/#/schema/logo/image/"},"sameAs":["https://www.facebook.com/atelierdacianodacosta/","https://www.instagram.com/atelierdacianodacosta/"]}]}</script>
<!-- / Yoast SEO plugin. -->

Graphic Design -  Rui Silva  1.st Edition 2022  N.º PP. 208  Format 12,8 x 18 cm  EAN 9789899071513  Available at: Design e mal-estar | Orfeu Negro   &nbsp;
